{"id":53,"date":"2020-02-17T21:37:21","date_gmt":"2020-02-17T20:37:21","guid":{"rendered":"http:\/\/kleinkunst-in-manderscheid.de\/?page_id=53"},"modified":"2020-02-17T21:41:14","modified_gmt":"2020-02-17T20:41:14","slug":"datenschutzerklaerung","status":"publish","type":"page","link":"https:\/\/kleinkunst-in-manderscheid.de\/?page_id=53","title":{"rendered":"DATENSCHUTZERKL\u00c4RUNG"},"content":{"rendered":"<p>Anbieter und verantwortliche Stelle im Sinne des Datenschutzgesetzes:<br \/>\nKleinkunst in Manderscheid e.V.<br \/>\nMichael Moll (1. Vorsitzender)<br \/>\nKurf\u00fcrstenstra\u00dfe 39<br \/>\n54531 Manderscheid<br \/>\nTel: 06572-2180<\/p>\n<p><b>Allgemeine Hinweise, Grunds\u00e4tze f\u00fcr die Verarbeitung und Geltungsbereich<\/b><br \/>\nWir freuen uns \u00fcber Ihren Besuch auf unserer Website.<br \/>\nUnsere Datenschutzerkl\u00e4rung ist f\u00fcr die \u00d6ffentlichkeit als auch f\u00fcr unsere Mitglieder und Partner einfach lesbar, verst\u00e4ndlich und trasparent gestaltet &#8211; Sollten Sie trotzdem Fragen zu hier genannten Formulierungen, Begriffen oder Techniken haben, k\u00f6nnen Sie uns gerne diesbez\u00fcglich \u00fcber oben benannten Kontaktm\u00f6glichkeiten kontaktieren.<\/p>\n<p>Nutzer erhalten mit dieser Datenschutzerkl\u00e4rung Information \u00fcber die Art, den Umfang sowie Zweck der Erhebung und Verwendung ihrer Daten. Den rechtlichen Rahmen f\u00fcr den Datenschutz bilden das Bundesdatenschutzgesetz (BDSG-neu), das Telemediengesetz (TMG) und die EU-Datenschutzgrundverordnung (EU-DSGVO). Daten werden somit nach dem Prinzip der Datenminimierung (ehemals: Datensparsamkeit genannt) erhoben und verarbeitet.<br \/>\nDurch die Nutzung unserer Webseiten, erkl\u00e4ren Sie sich mit der Erhebung, Verarbeitung und Nutzung von Daten gem\u00e4\u00df der nachfolgenden Beschreibungen und Bestimmungen einverstanden.<\/p>\n<p>Personenbezogene Daten:<br \/>\nDie Sicherheit Ihrer personenbezogenen Daten und deren Schutz sind f\u00fcr uns sehr wichtig. Daher ist es f\u00fcr uns selbstverst\u00e4ndlich, dass personenbezogene Daten nur zur Beantwortung Ihrer Anfragen verarbeitet und nach gesetzlichen Bestimmungen gespeichert werden. Es werden keinerlei personenbezogenen Daten an Dritte weitergegeben.<\/p>\n<p>Personenbezogene Daten wie Name, Adressdaten, Telefonnummer oder E-Mail-Adresse werden nach dem Grundsatz der Zweckbindung (nach Art. 5 Abs. 1 lit. b) DSGVO) erhoben und verarbeitet und sind uns mitzuteilen.<\/p>\n<p>Andere personenbezogene Daten werden soweit m\u00f6glich auf freiwilliger Basis erhoben. Daten wie der Name + Anschrift sind zur Bearbeitung zwingend notwendig und f\u00fcr die Abwicklung Ihres Anliegens unerl\u00e4sslich. Andere Daten (wie zum Beispiel E-Mail-Adresse oder Telefonnummer) werden f\u00fcr Benachrichtigungen und Abstimmungen erforderlich und werden daher ebenfalls im Zuge der Zweckbindung erhoben und verarbeitet. Nach erreichen der gesetzlichen Aufbewahrungsfristen und in regelm\u00e4\u00dfigen Abst\u00e4nden werden personenbezogene Daten gel\u00f6scht und vernichtet.<\/p>\n<p>Sollte es trotz dieser Bem\u00fchungen zu einem Datenleck, Datenverlust oder Datendiebstahl kommen, werden wir sofort und innerhalb der Meldefrist von 72 Stunden aktiv, benachrichtigen die entsprechenden Beh\u00f6rden und Sie im Detail \u00fcber den Sachverhalt und legen einen entsprechenden Notfallplan zur Probleml\u00f6sung vor.<\/p>\n<p><strong>Anonymisierte und Pseudonymisierte Daten:<\/strong><br \/>\nUnsere Webseite kann grunds\u00e4tzlich ohne Registrierung, kostenfrei und frei von Werbung besucht werden. Dabei werden Daten wie beispielsweise aufgerufene Seiten bzw. Namen der abgerufenen Datei, Datum und Uhrzeit zu statistischen Zwecken auf dem Server gespeichert, ohne dass diese Daten unmittelbar auf Ihre Person bezogen werden. Mit jedem Zugriff auf diese Angebote werden durch uns bzw. den Webspace-Provider automatisch Informationen erfasst. Diese Informationen, auch als &#8222;Server-Logfiles&#8220; bezeichnet, sind allgemeiner Natur und erlauben keine R\u00fcckschl\u00fcsse auf Ihre Person. Erfasst werden dadurch unter anderem auch: Name der Webseite, Datum, Datenmenge, Webbrowser und Webbrowser-Version, Betriebssystem, der Domainname Ihres Internet-Providers, die sogenannte &#8222;Referrer-URL&#8220; (jene Seite, von der aus Sie auf unser Angebot zugegriffen haben) und die IP-Adresse. Ohne diese Daten w\u00e4re es technisch teils nicht m\u00f6glich, die Inhalte der Webseite auszuliefern und darzustellen. Insofern ist die Erfassung der Daten zwingend notwendig. Dar\u00fcber hinaus verwenden wir die anonymen Informationen f\u00fcr statistische Zwecke. Sie helfen uns bei der Optimierung des Angebots und der Technik. Wir behalten uns zudem das Recht vor, die Log-Files bei Verdacht auf eine rechtswidrige Nutzung unseres Angebotes nachtr\u00e4glich zu kontrollieren.<\/p>\n<p><b>Verschl\u00fcsselung und Sicherungsma\u00dfnahmen<\/b><br \/>\nDamit die Sicherheit Ihrer Daten w\u00e4hrend der \u00dcbertragung \u00fcber das Internet gew\u00e4hrleistet ist, setzen wir auf die Verschl\u00fcsselung unserer Webseiten mit dem Verschl\u00fcsselungsverfahren SSL \u00fcber HTTPS, die den aktuellen Stand der Technik widerspiegeln. Erkennbar ist dies zum Beispiel am Schloss-Symbol (mei\u00dft in der Farbe Gr\u00fcn) und der Kennzeichnung &#8222;https:\/\/&#8220; neben unserem Webseitennamen (Domainname genannt) in Ihrer Browserzeile. Somit sind Ihre Daten im Rahmen unserer M\u00f6glichkeiten gegen Verlust oder Diebstahl abgesichert.<\/p>\n<p>ACHTUNG: Auch wenn wir im Rahmen unserer M\u00f6glichkeiten und finanziellem Rahmen alles unternehmen, um die Sicherheit Ihrer Daten zu gew\u00e4hrleisten, weisen wir darauf hin, dass auch die eingesetzte, verschl\u00fcsselte Daten\u00fcbertragung \u00fcber SSL\/TLS im Internet (zum Beispiel per E-Mail) Sicherheitsl\u00fccken aufweisen kann. Ein l\u00fcckenloser Schutz der Daten vor dem Zugriff durch Unbefugte ist aus technischer Sicht momentan nicht umsetzbar. Aus diesem Grund steht es jeder betroffenen Person frei, personenbezogene Daten auch auf alternativen Wegen (zum Beispiel telefonisch) an uns zu \u00fcbermitteln.<\/p>\n<p><b>Datenschutzerkl\u00e4rung f\u00fcr E-Mail und Kontaktformular<\/b><br \/>\nWenn Sie uns per E-Mail oder dem Kontaktformular kontaktieren, speichern wir die von Ihnen gemachten Angaben, um Ihre Anfrage beantworten und m\u00f6gliche Anschlussfragen stellen zu k\u00f6nnen. Nach Bearbeitung und im Rahmen der gesetzlichen Bestimmungen, werden die Daten vorzugsweise umgehend gel\u00f6scht oder im Rahmen der gesetzlichen Aufbewahrungspflichten sicher verwahrt. Nat\u00fcrlich werden auch die von Ihnen per E-Mail oder dem Kontaktformular \u00fcbermittelten Daten nicht ohne Ihre ausdr\u00fcckliche Einwilligung an Dritte weitergegeben.<\/p>\n<p><b>Datenschutzerkl\u00e4rung f\u00fcr Cookies<\/b><br \/>\nCookies sind kleine Textdateien, die es m\u00f6glich machen, auf dem Endger\u00e4t des Nutzers spezifische, auf den Nutzer bezogene Informationen zu speichern, w\u00e4hrend er die Website nutzt. Cookies erm\u00f6glichen es, insbesondere Nutzungsh\u00e4ufigkeit und Nutzeranzahl der Seiten zu ermitteln, Verhaltensweisen der Seitennutzung zu analysieren, aber auch unser Angebot kundenfreundlicher zu gestalten sowie die Sicherheit und Funktion (z.B. des Kontaktformulars) zu gew\u00e4hrleisten.<br \/>\nUnsere Webseite verwendet folgende Cookies: I. EIGENE, Kontaktformular, PHPSESSID: Ablaufdatum nach Beenden der Browsersitzung. Wenn Sie Cookies nicht w\u00fcnschen, sollten Sie Ihren Internetbrowser so einstellen, dass er die Annahme von Cookies verweigert -&gt; Wie Sie dies vornehmen, k\u00f6nnen Sie per Hilfefunktion (meist durch dr\u00fccken der Taste &#8222;F1&#8220; im Browser) ermitteln oder eine Supportanfrage beim entsprechenden Browser-Hersteller zu diesem Thema stellen.<\/p>\n<p><b>Recht auf Aktualisierung und Berichtigung, \u00c4nderungen, Widerruf, L\u00f6schung (Vergessenwerden) und Daten\u00fcbertragbarkeit<\/b><br \/>\nAls Nutzer unserer Internetangebote oder Kunde, haben Sie im Rahmen der gesetzlichen Aufbewahrungsfrist das Recht, von uns unentgeltlich Auskunft \u00fcber die zu Ihrer Person oder zu Ihrem Pseudonym gespeicherten, personenbezogenen Daten einzuholen sowie Aktualisierungen, Berichtigungen, \u00c4nderungen, L\u00f6schung und \u00dcbertragung dieser Daten zu verlangen. Die Auskunft kann auch elektronisch erteilt werden. Sollten Sie uns eine Einwilligung zur Datenverarbeitung in irgend einer Form erteilt haben, haben Sie das Recht, die Einwilligung jederzeit zu widerrufen, ohne dass die Rechtm\u00e4\u00dfigkeit der aufgrund der Einwilligung bis zum Widerruf erfolgten Verarbeitung der Daten ber\u00fchrt wird.<br \/>\nBevor Sie Ihr Beschwerderecht bei einer Aufsichtsbeh\u00f6rde aus\u00fcben, oder wenn Sie eines der oben benannten Anliegen haben, wenden Sie sich bitte an:<\/p>\n<p>Kleinkunst in Manderscheid e.V.<br \/>\nMichael Moll (1. Vorsitzender)<br \/>\nKurf\u00fcrstenstra\u00dfe 39<br \/>\n54531 Manderscheid<br \/>\nTel: 06572 2180<\/p>\n<p>Wir werden Ihr individuelles Anliegen umgehend bearbeiten und benachrichtigen Sie nach Ausf\u00fchrung schnellstm\u00f6glich.<\/p>\n<p><b>Kontrolle, Anpassung, Information zur M\u00f6glichkeit der online Streitbeilegung und Beschwerderecht<\/b><br \/>\nEine Kontrolle und Anpassung an die aktuelle Gesetzgebung dieser Datenschutzerkl\u00e4rung wird regelm\u00e4\u00dfige vorgenommen. Auch wird versucht diese transparent nach dem Grundsatz der Transparenz (nach Art. 5 Abs. 1 lit. a) DSGVO) zu gestalten und in einfachen Worten zu formulieren &#8211; Sollten Sie dennoch Fragen, Anregungen oder Beschwerde zu dieser Datenschutzerkl\u00e4rung haben, bitten wir um direkte Kontaktaufnahme \u00fcber die oben benannten Kontaktm\u00f6glichkeiten und wir k\u00fcmmern uns umgehend um Ihr Anliegen. Nach Artikel 73 EU-DSGVO, haben Sie das Recht auf Beschwerde bei einer Aufsichtsbeh\u00f6rde, wenn sie der Ansicht sind, dass die Verarbeitung der Sie betreffenden personenbezogenen Daten nicht mit dieser Verordnung vereinbar ist. Die Europ\u00e4ische Kommission stellt ebenfalls eine Plattform f\u00fcr die au\u00dfergerichtliche Online-Streitbeilegung (OS-Plattform) unter\u00a0<a href=\"https:\/\/ec.europa.eu\/odr\">https:\/\/ec.europa.eu\/odr<\/a>\u00a0bereit.<br \/>\nWir sind uns sicher, dass wir alle Anliegen zusammen und ohne weitere Regularien und Institutionen -nach Kontaktaufnaheme Ihrerseits regeln k\u00f6nnen.<\/p>\n<p><b>Danke f\u00fcr Ihre Kenntnisnahme und das Verst\u00e4ndnis.<\/b><br \/>\n<small><i>Quelle:\u00a0<a href=\"https:\/\/www.anwalt.de\/vorlage\/muster-datenschutzerklaerung.php\">Muster-Datenschutzerkl\u00e4rung von anwalt.de<\/a>, mit eigenen Anpassungen an die individuellen Gegebenheiten.<\/i><\/small><\/p>\n<p>&nbsp;<\/p>\n","protected":false},"excerpt":{"rendered":"<p>Anbieter und verantwortliche Stelle im Sinne des Datenschutzgesetzes: Kleinkunst in Manderscheid e.V. Michael Moll (1. Vorsitzender) Kurf\u00fcrstenstra\u00dfe 39 54531 Manderscheid<\/p>\n","protected":false},"author":1,"featured_media":0,"parent":0,"menu_order":0,"comment_status":"closed","ping_status":"closed","template":"","meta":{"colormag_page_container_layout":"default_layout","colormag_page_sidebar_layout":"default_layout","footnotes":""},"class_list":["post-53","page","type-page","status-publish","hentry"],"_links":{"self":[{"href":"https:\/\/kleinkunst-in-manderscheid.de\/index.php?rest_route=\/wp\/v2\/pages\/53","targetHints":{"allow":["GET"]}}],"collection":[{"href":"https:\/\/kleinkunst-in-manderscheid.de\/index.php?rest_route=\/wp\/v2\/pages"}],"about":[{"href":"https:\/\/kleinkunst-in-manderscheid.de\/index.php?rest_route=\/wp\/v2\/types\/page"}],"author":[{"embeddable":true,"href":"https:\/\/kleinkunst-in-manderscheid.de\/index.php?rest_route=\/wp\/v2\/users\/1"}],"replies":[{"embeddable":true,"href":"https:\/\/kleinkunst-in-manderscheid.de\/index.php?rest_route=%2Fwp%2Fv2%2Fcomments&post=53"}],"version-history":[{"count":4,"href":"https:\/\/kleinkunst-in-manderscheid.de\/index.php?rest_route=\/wp\/v2\/pages\/53\/revisions"}],"predecessor-version":[{"id":58,"href":"https:\/\/kleinkunst-in-manderscheid.de\/index.php?rest_route=\/wp\/v2\/pages\/53\/revisions\/58"}],"wp:attachment":[{"href":"https:\/\/kleinkunst-in-manderscheid.de\/index.php?rest_route=%2Fwp%2Fv2%2Fmedia&parent=53"}],"curies":[{"name":"wp","href":"https:\/\/api.w.org\/{rel}","templated":true}]}}